mber?
True
Is 446826641 composite?
False
Is 102751847 a composite number?
True
Is 44010361 a composite number?
True
Is 3075547 a prime number?
True
Is 306287 a composite number?
True
Is 68070287 prime?
True
Is 49904447 prime?
False
Is 9058587 a composite number?
True
Is 211904089 composite?
True
Is 8993581 a composite number?
True
Is 3481859 a composite number?
False
Is 37890271 a composite number?
False
Is 1413427 a composite number?
False
Is 223927271 a prime number?
True
Is 55502845 composite?
True
Is 15234031 composite?
True
Is 5013719 prime?
True
Is 46184857 composite?
True
Is 131582029 a prime number?
True
Is 457297 composite?
True
Is 5385409 prime?
True
Is 223600381 prime?
True
Is 12132443 prime?
True
Is 130973221 prime?
True
Is 17129413 a prime number?
False
Is 3095767 prime?
False
Is 861932363 a composite number?
True
Is 1661609 composite?
True
Is 12166757 composite?
False
Is 11955557 a prime number?
False
Is 4175971 composite?
True
Is 222480703 a composite number?
False
Is 6662531 a composite number?
False
Is 131059741 composite?
False
Is 662184839 prime?
False
Is 16089473 prime?
False
Is 7190367 a prime number?
False
Is 10700023 composite?
False
Is 30154807 a prime number?
True
Is 5227069 composite?
True
Is 8483 composite?
True
Is 61425187 prime?
True
Is 19345453 composite?
False
Is 16254419 a prime number?
True
Is 3232973 composite?
True
Is 1776989 a composite number?
False
Is 30356983 composite?
True
Is 2961311 composite?
False
Is 88846823 a composite number?
True
Is 1229519 composite?
False
Is 19441231 prime?
True
Is 1576481 prime?
False
Is 1933283 a prime number?
False
Is 2169961 composite?
True
Is 23063587 prime?
False
Is 4152907 a prime number?
False
Is 75537863 a prime number?
False
Is 2981281 prime?
False
Is 13525249 prime?
False
Is 687893 a prime number?
True
Is 927887767 composite?
False
Is 27771019 composite?
True
Is 3722767 a prime number?
True
Is 9415597 a composite number?
False
Is 11175877 composite?
True
Is 435073 composite?
True
Is 901897 a prime number?
False
Is 109001 prime?
True
Is 26552798 a composite number?
True
Is 30209099 composite?
True
Is 171278639 prime?
False
Is 111235483 a composite number?
False
Is 1070579 a composite number?
False
Is 6342047 prime?
True
Is 23377147 prime?
True
Is 264877987 composite?
True
Is 16093313 composite?
True
Is 3191179 prime?
True
Is 74985953 a prime number?
False
Is 27405557 a prime number?
False
Is 93305497 composite?
True
Is 13288801 a prime number?
False
Is 5670031 a composite number?
False
Is 4048153 prime?
False
Is 18118601 prime?
False
Is 4364615 prime?
False
Is 9407227 a prime number?
True
Is 31732517 composite?
False
Is 9525709 a composite number?
False
Is 139547 a composite number?
False
Is 4602071 a prime number?
True
Is 25804651 a composite number?
True
Is 488093 a prime number?
False
Is 81625157 composite?
True
Is 22895083 a prime number?
True
Is 166678751 a composite number?
True
Is 12285797 a prime number?
True
Is 1226262145 composite?
True
Is 5333659 a prime number?
False
Is 5061599 a prime number?
True
Is 3775163 prime?
False
Is 1616647 prime?
False
Is 2277501 a prime number?
False
Is 376511183 a composite number?
False
Is 575890687 composite?
False
Is 19320339 a prime number?
False
Is 17744785 prime?
False
Is 18337705 a composite number?
True
Is 214136513 prime?
True
Is 241738157 a composite number?
False
Is 3463573 a prime number?
True
Is 29446859 composite?
True
Is 15104627 prime?
True
Is 1367291 a prime number?
True
Is 662413 composite?
True
Is 565165789 a composite number?
False
Is 50705723 prime?
False
Is 108702101 prime?
False
Is 405595249 prime?
False
Is 43949551 a prime number?
True
Is 1226773 a prime number?
False
Is 22625719 a composite number?
False
Is 63891347 composite?
True
Is 417413 prime?
False
Is 63488237 a prime number?
True
Is 1298027 a composite number?
False
Is 38408347 composite?
False
Is 1112363 composite?
True
Is 904997 a prime number?
True
Is 1181437 prime?
True
Is 78148969 composite?
False
Is 3723521 composite?
False
Is 26921513 composite?
False
Is 4947251 composite?
False
Is 30030437 composite?
False
Is 72850333 a composite number?
False
Is 10993373 a prime number?
False
Is 5146286 a prime number?
False
Is 2396369 a prime number?
True
Is 544539 a composite number?
True
Is 1172377 a composite number?
False
Is 156761089 composite?
False
Is 1601489 composite?
False
Is 7082347 prime?
False
Is 2447645 a composite number?
True
Is 3739793 a composite number?
False
Is 165320765 a prime number?
False
Is 4486106 a composite number?
True
Is 30079759 a prime number?
True
Is 1749941 prime?
True
Is 367286837 a prime number?
True
Is 153477437 a prime number?
False
Is 1154845 a composite number?
True
Is 3209539 a composite number?
True
Is 6936091 a prime number?
True
Is 22908533 a composite number?
False
Is 3674197 composite?
False
Is 1050924367 a composite number?
False
Is 45062881 prime?
False
Is 206123 prime?
True
Is 688249 prime?
True
Is 228864859 composite?
False
Is 65623 prime?
False
Is 6523367 composite?
True
Is 623299783 a prime number?
True
Is 982021 a composite number?
False
Is 888737 a composite number?
False
Is 518931859 a prime number?
True
Is 4917521 a composite number?
True
Is 2863171 prime?
False
Is 2779 prime?
False
Is 8344577 a prime number?
True
Is 3275357 prime?
True
Is 160308103 a prime number?
False
Is 12393373 a prime number?
False
Is 2953567 prime?
False
Is 245542309 prime?
False
Is 37367959 a prime number?
True
Is 255200353 composite?
True
Is 14987101 prime?
True
Is 8872129 a composite number?
True
Is 12245227 a prime number?
False
Is 8634979 a composite number?
True
Is 2014307 composite?
True
Is 509668087 a prime number?
False
Is 14428133 a prime number?
False
Is 145547729 a composite number?
True
Is 2596423 a composite number?
True
Is 817823 prime?
True
Is 265099903 composite?
False
Is 42402529 a composite number?
True
Is 9167803 a prime number?
False
Is 39067 a prime number?
False
Is 22669547 a composite number?
False
Is 340070347 prime?
False
Is 6194029 composite?
False
Is 5763091 a composite number?
True
Is 89594 a prime number?
False
Is 4616849 a composite number?
False
Is 5382565 a prime number?
False
Is 1976443 a composite number?
True
Is 10909727 a composite number?
False
Is 323719661 prime?
False
Is 21430091 composite?
False
Is 1584100283 composite?
False
Is 9450013 composite?
False
Is 450211087 a composite number?
True
Is 27239603 a composite number?
False
Is 57468931 a composite number?
True
Is 120337351 a prime number?
True
Is 327753509 a prime number?
True
Is 8106313 a prime number?
True
Is 231044239 a prime number?
True
Is 2770006 a composite number?
True
Is 6344017 a composite number?
False
Is 33953623 prime?
False
Is 14587481 a composite number?
False
Is 219938161 prime?
True
Is 12721139 a composite number?
True
Is 11117459 a composite number?
False
Is 19780247 a composite number?
False
Is 137560321 composite?
False
Is 31096727 a prime number?
True
Is 871337 a composite number?
False
Is 9782159 composite?
True
Is 33477851 a composite number?
True
Is 903389 a composite number?
False
Is 208889157 a prime number?
False
Is 2418497 a composite number?
True
Is 1824827 composite?
False
Is 12116273 a composite number?
True
Is 1950301 a prime number?
False
Is 67729 composite?
True
Is 68251361 composite?
False
Is 2724047 composite?
False
Is 21533231 a prime number?
False
Is 11040683 composite?
True
Is 44209387 prime?
True
Is 3515441 prime?
True
Is 53896009 a composite number?
True
Is 52797601 composite?
False
Is 32705507 composite?
False
Is 55132453 composite?
False
Is 12398411 composite?
True
Is 8376551 prime?
True
Is 2215813 composite?
True
Is 11768819 prime?
False
Is 54902797 prime?
False
Is 413681 a composite number?
False
Is 2129203 composite?
False
Is 666673 composite?
True
Is 25393051 a composite number?
False
Is 35487614 prime?
False
Is 145872889 prime?
True
Is 14197607 composite?
False
Is 1522942 a prime number?
False
Is 5358469 a composite number?
False
Is 97534457 prime?
False
Is 5617202 a prime number?
False
Is 22570069 a prime number?
True
Is 32455429 prime?
True
Is 54308069 a composite number?
True
Is 15600821 prime?
True
Is 4649923 a composite number?
False
Is 183572827 a composite number?
False
I